t is 3634 - 5316?
-1462
In base 11, what is 375425314 + -3?
375425311
In base 6, what is -552321555 + -1?
-552322000
In base 13, what is 6 - 24a5658?
-24a5652
In base 11, what is -11343573 - 25?
-11343598
In base 3, what is -2200200102 + 2201?
-2200120201
In base 5, what is -141313 - 144400?
-341213
In base 4, what is 1332 - -1101013302?
1101021300
In base 12, what is -2bb9 - 32093?
-35090
In base 13, what is 271ab2c + 3?
271ab32
In base 15, what is -4 - -2b721d4?
2b721d0
In base 13, what is 3c47c + -489?
3bcc3
In base 10, what is 7165 - 85335?
-78170
In base 7, what is 6646 - 31112?
-21133
In base 5, what is -114140 - -103430?
-10210
In base 12, what is 1265 + 17946?
18bab
In base 3, what is 21002102 - 2100?
21000002
In base 10, what is 240 - 475948?
-475708
In base 10, what is 676464 + -711?
675753
In base 14, what is 60154 - 18c?
5dda6
In base 6, what is -13 - -32435334?
32435321
In base 15, what is -a15e - -305?
-9d59
In base 6, what is -205 - -1240025?
1235420
In base 9, what is -234 + 65022?
64677
In base 3, what is 210211100210 + 10?
210211100220
In base 14, what is cb3 + a23?
18d6
In base 10, what is 2 - 254640?
-254638
In base 5, what is 144 + 2132241013?
2132241212
In base 6, what is 2004 - -2100051?
2102055
In base 9, what is -25 + -371036?
-371062
In base 10, what is -1680003 + -5?
-1680008
In base 2, what is 100101 + -100001101011010111011100?
-100001101011010110110111
In base 14, what is -1451 - 208?
-1659
In base 7, what is 126313 - 1252?
125031
In base 6, what is 1540252 - 154?
1540054
In base 12, what is 7 - 8419b54?
-8419b49
In base 9, what is 5 - -10707187?
10707203
In base 8, what is 23376 - 21430?
1746
In base 7, what is 202 + 5506463?
5506665
In base 13, what is 381 + -4088?
-3a07
In base 7, what is 1023 - 110463?
-106440
In base 7, what is 241241013 + 12?
241241025
In base 16, what is 4 - 3d4fc0f?
-3d4fc0b
In base 14, what is 5 + 12b6d686?
12b6d68b
In base 13, what is -5 + 5453a4?
54539c
In base 8, what is 541332 - -410?
541742
In base 11, what is -2176a13 + -69?
-2176a81
In base 10, what is 75911671 - 4?
75911667
In base 16, what is 4213cd - -4?
4213d1
In base 10, what is 357 + 210695?
211052
In base 9, what is -15 + 5037731?
5037715
In base 10, what is -1153 - -5101?
3948
In base 5, what is -104343 - 112?
-110010
In base 11, what is 49 + 387999?
387a37
In base 4, what is -2210031 + 110021230?
101211133
In base 15, what is 3be1 + -6ac?
3534
In base 11, what is -3342 - -10aa?
-2243
In base 5, what is 10404001 - -412?
10404413
In base 8, what is -227710254 - 1?
-227710255
In base 9, what is 2563 + 160366?
163040
In base 8, what is -13731651 + -7?
-13731660
In base 13, what is 555b8 - -2?
555ba
In base 2, what is 100000100111000010110110 + 10?
100000100111000010111000
In base 9, what is -3 - 28715264?
-28715267
In base 5, what is 101443233 - 141?
101443042
In base 11, what is -115121 - 3a?
-115160
In base 2, what is -111010011 + -110000010011011?
-110001001101110
In base 15, what is a8db3 + -6c?
a8d46
In base 6, what is -2214034452 + 0?
-2214034452
In base 10, what is -1 - -290637182?
290637181
In base 15, what is -15d + -134ab?
-13619
In base 15, what is 57d713 - 7?
57d70b
In base 15, what is 17 + -86203?
-861db
In base 13, what is -1b6122 - 343?
-1b6465
In base 4, what is 3232112220 - 133?
3232112021
In base 6, what is -24313 + 241500?
213143
In base 8, what is -254621432 - -6?
-254621424
In base 10, what is -13 + 464583?
464570
In base 4, what is -2230312 + 110222?
-2120030
In base 6, what is -15340331013 + -5?
-15340331022
In base 15, what is -294bc - -31c?
-291a0
In base 3, what is -1212100 - -200102012?
121112212
In base 12, what is -2a + 5a8a88b?
5a8a861
In base 7, what is -633420324 - 5?
-633420332
In base 7, what is -23 + -2322356?
-2322412
In base 13, what is 4ba8 + 132c?
6207
In base 8, what is -1621 + -4427?
-6250
In base 6, what is -105233315055 - 5?
-105233315104
In base 10, what is 41 - -180189?
180230
In base 13, what is -73 + 65419?
65376
In base 11, what is 3688 - 220?
3468
In base 9, what is -211 + -211323?
-211534
In base 9, what is 7 + 6873082?
6873100
In base 7, what is -5616250013 + -2?
-5616250015
In base 12, what is -52 - 140190?
-140222
In base 6, what is 2522111 - -3325?
2525440
In base 6, what is 3114150411 + -4?
3114150403
In base 16, what is -162972 + 13?
-16295f
In base 11, what is -6271 - 1817?
-7a88
In base 4, what is 10 - -11122312012030?
11122312012100
In base 9, what is 70 - 1617151?
-1617071
In base 3, what is 111220 - -1021010100?
1021122020
In base 12, what is 11 + 230962?
230973
In base 16, what is 1 - 7038a63?
-7038a62
In base 2, what is 1111011010100 - 11110111010111?
-1111100000011
In base 3, what is 12012211 - 2220002122?
-2200212211
In base 3, what is 1200111111102 - -111?
1200111111220
In base 14, what is -6 - 27907c?
-279084
In base 10, what is 3004 + -879?
2125
In base 6, what is 122252 + -21045?
101203
In base 14, what is 19866b6c + 4?
19866b72
In base 8, what is -1202 + 5660030?
5656626
In base 3, what is -1100121001002 + 10110?
-1100120220122
In base 6, what is 1514100513 + 5?
1514100522
In base 4, what is -21021310330 - -12?
-21021310312
In base 14, what is 9aa7db86 - 0?
9aa7db86
In base 4, what is 1110120203 - 33310?
1110020233
In base 12, what is 566 + a24?
138a
In base 4, what is 122202 + -21012310?
-20230102
In base 16, what is -d32860 + -4?
-d32864
In base 12, what is 35a - -2bb835?
2bbb93
In base 8, what is 2025 - 21603?
-17556
In base 13, what is 87b4854 - 4?
87b4850
In base 5, what is -11 + -33124240?
-33124301
In base 8, what is 37311 - 106?
37203
In base 11, what is 439aa - 4?
439a6
In base 7, what is 45426526 + 3?
45426532
In base 11, what is -3454 - -6341?
2998
In base 5, what is -31004 + -13342443?
-13424002
In base 8, what is 124 - -6741534?
6741660
In base 7, what is 341306 - -2?
341311
In base 5, what is -24121 + -32301?
-111422
In base 6, what is -2011354320 - 1?
-2011354321
In base 10, what is -2 - -2626784?
2626782
In base 6, what is -4 + -403233103?
-403233111
In base 11, what is 1a8aa37 + -9?
1a8aa29
In base 3, what is 2001022111020121 + 0?
2001022111020121
In base 6, what is 2 - -245405355?
245405401
In base 16, what is 15e33e + -8?
15e336
In base 3, what is -22101001 - 2212210?
-102020211
In base 3, what is -12000022021010 - 11?
-12000022021021
In base 12, what is -30 - -117427?
1173b7
In base 2, what is -1000101101010011010 + 110000?
-1000101101001101010
In base 12, what is 1a165b + -17?
1a1644
In base 13, what is -2 + -c5321c?
-c53221
In base 7, what is 43 - -4404025?
4404101
In base 15, what is e05c6 - -2?
e05c8
In base 12, what is 14ba3074 - 3?
14ba3071
In base 14, what is -2 - 3a6a88?
-3a6a8a
In base 6, what is -41 - -130512313?
130512232
In base 13, what is -14 - -216553?
21653c
In base 10, what is 34 - 396540?
-396506
In base 5, what is -223220 - -122302?
-100413
In base 2, what is 10010000100000 + 11000100?
10010011100100
In base 4, what is 2 + 120101133231?
120101133233
In base 14, what is -4 - 1330dbd0?
-1330dbd4
In base 11, what is 7 - 8a5a09?
-8a5a02
In base 12, what is -45360 + -18b?
-4552b
In base 9, what is -164606 + 466?
-164130
In base 2, what is -1001111101010100001 - 1100101?
-1001111101100000110
In base 8, what is 116241 - 465?
115554
In base 15, what is -6ccad4 - -1b?
-6ccab8
In base 8, what is -2644756 - -141?
-2644615
In base 11, what is 10aa9556 + 4?
10aa955a
In base 13, what is -143503 - -88?
-143448
In base 13, what is -942 - 6825?
-7467
In base 15, what is 1 + -2733811?
-2733810
In base 9, what is 1268 - 1105786?
-1104517
In base 12, what is 9 + -7570227?
-757021a
In base 8, what is -3742 + 130031?
124067
In base 4, what is -101 + 1303301?
1303200
In base 11, what is 44667a7 + -1a?
4466788
In base 15, what is -437 + 10d3?
b9b
In base 6, what is 214 - -215055?
215313
In base 12, what is 15 + 2323b4?
232409
In base 4, what is 30232001130 + -12?
30232001112
In base 16, what is -5 - 109b104?
-109b109
In base 4, what is -12312031100 + -13?
-12312031113
In base 10, what is 5 + 2542755?
2542760
In base 6, what is 1155234135 + -144?
1155233551
In base 3, what is -122111 - 12021102211?
-12022002022
In base 14, what is 711 - -2032c?
20a3d
In base 4, what is -221 + -1302010230032?
-1302010230313
In base 4, what is 20 - 113231220